*w + 289130 = 24*w - 86575. What is the greatest common divisor of w and 138?
69
Let j = -60 - 18. Let v = j + 110. Calculate the highest common factor of 32 and v.
32
Suppose 0 = c - 50*c + 61691. Suppose -c = -5*u - 404. What is the greatest common factor of 95 and u?
19
Let k(t) = 12*t**2 + 2*t. Let i be k(3). Let l(d) = -171*d**3 - d**2 - 206*d - 205. Let j be l(-1). Calculate the highest common divisor of j and i.
57
Suppose -9*s + 829 - 118 = 0. Suppose s + 69 = 2*f. Let n = 41 + f. What is the highest common divisor of 46 and n?
23
Let u = 14926 + -14870. Calculate the highest common factor of 24304 and u.
56
Let s = -25 + 48. Let g = 390 - 252. Suppose -5*v = 3*t - g, -t - 4*v + 63 = 17. Calculate the greatest common factor of s and t.
23
Let f be (-168)/(-18) + 8 - -1 - (-1)/(-3). Calculate the greatest common divisor of 2586 and f.
6
Let o(n) = -n**3 + 26*n**2 - 18*n + 41. Let g be o(7). What is the greatest common factor of g and 376?
94
Suppose 5*o + 14 - 4 = 0, 4*o - 412 = 5*u. Let a be (-9)/2*224/u. What is the highest common factor of a and 228?
12
Let q = 110 - 29. Suppose 393 = u + 71. Suppose 0 = 13*w - u - q. Calculate the highest common factor of 248 and w.
31
Let w = -51 - -52. Suppose -2*r + 3 = w. Let p be 15/(r - -4)*3. What is the greatest common divisor of 90 and p?
9
Let v(z) be the second derivative of z**4/4 + 2*z**3/3 - 9*z**2/2 - 111*z. Let g be v(3). Calculate the greatest common divisor of g and 20.
10
Suppose c - 11 = -3*c - u, -2*c + 13 = -u. Let y be c/20 - (-9)/5. Let b be 1/6*y*6. What is the highest common divisor of b and 2?
2
Let q be (4 - 3) + 2 - -5. Let d be 9 - q - -32 - -6. What is the highest common divisor of d and 273?
39
Let d be ((-76)/52)/(67/(-871)). Calculate the greatest common factor of d and 29716.
19
Let w be (-14760)/(-36) + (4 + 8)/4. What is the greatest common divisor of 354 and w?
59
Suppose 0 = i + 5 + 1. Let u = i + -16. Let k be (-2424)/u + 6/(-33). What is the greatest common divisor of k and 10?
10
Suppose 1298 = 4*m - 5*f + 498, -f = -8. What is the highest common divisor of 6060 and m?
30
Suppose -3*j - 5*c = -677 - 346, 0 = -3*j - 3*c + 1023. Let l = 28 - -3. Calculate the highest common divisor of l and j.
31
Let r(y) = 3*y + 75. Let z be r(-23). Let p be (-666)/(-27) + z/(-9). What is the highest common factor of 168 and p?
24
Let r(c) = c**3 + 19*c**2 - 18*c + 41. Suppose 40*n = 43*n + 60. Let x be r(n). Let q be -3*(1 - (3 - 1)). Calculate the greatest common divisor of x and q.
1
Suppose 780 = 4*s - 3*u - 1313, s + u = 532. What is the greatest common divisor of 372 and s?
31
Let g = 7 - -31. Let c(q) = -q**3 + 2*q**2 + 22*q - 16. Let a be c(5). Calculate the greatest common factor of a and g.
19
Let g(c) = -c**3 + 2*c**2 + 5*c + 4. Let x be g(3). Suppose 0 = 4*y + j - 4*j - 31, 45 = 3*y + 5*j. Calculate the highest common factor of y and x.
10
Let r = -14 - -92. Let n = -116 - -129. What is the greatest common factor of n and r?
13
Suppose 228*m = 85458 - 22530. Calculate the greatest common divisor of m and 12.
12
Let x = 2089 + 1107. What is the greatest common factor of 2068 and x?
188
Suppose 22*o - 19*o = 5*j + 46262, 46222 = 3*o + 5*j. What is the highest common divisor of 42 and o?
42
Suppose -84*y + 20780 = -8956. Calculate the greatest common divisor of 54 and y.
6
Let z(c) = 5625*c**2 + 18*c + 15. Let p be z(-1). Calculate the greatest common factor of p and 6.
6
Let c(k) = 3*k**2 + 20. Let y be c(-4). Let u be (-258)/(-4)*(-2)/3. Let f = y + u. Calculate the greatest common factor of f and 125.
25
Let m(z) = z**2 - 4*z + 4. Let w be m(2). Suppose 7*j = 2*j + 4*a + 490, -a = w. What is the highest common factor of j and 14?
14
Let c = 15386 - 8008. Calculate the greatest common factor of c and 34.
34
Suppose -44156 = 519*u - 1055*u + 18556. Suppose 0 = -5*w + 2*w + 78. Calculate the greatest common factor of w and u.
13
Let r(t) = -t**2 + 14*t - 14. Let l = -121 + 133. Let w be r(l). What is the greatest common divisor of w and 110?
10
Let j be (-3)/(3/85)*(-10608)/195 + 9. Calculate the highest common factor of j and 452.
113
Let i be ((-2)/4)/((-1)/4). Suppose -4*c = -73*d + 68*d - 87, 5*d = c - 18. Suppose -10*k + 43 = c. What is the highest common factor of k and i?
2
Let y(d) = 4*d**2 + 9*d + 4. Let x(p) = -1. Let m(w) = 4*x(w) + y(w). Let i be m(-4). Calculate the highest common divisor of 42 and i.
14
Let f be (-254)/(-12) + 12/(-72). Let l be -3 + 3*55/3. Suppose -5*y = -53 - l. What is the greatest common divisor of y and f?
21
Let t(q) = -1380*q + 8286. Let i be t(6). Let v = -1 + 31. What is the greatest common factor of i and v?
6
Let y be ((-56)/(-7) - 3) + 1. Suppose -t - 320 = -y*t. Calculate the greatest common factor of t and 48.
16
Suppose -87*g = -74*g - 2028. Suppose 18*q - g = 14*q. What is the highest common divisor of 9 and q?
3
Let z(q) = -235*q - 158. Let p be z(-9). Calculate the greatest common divisor of 103 and p.
103
Let h(g) = -44*g**3 + 4*g**2 + 6*g + 7. Let b be h(-2). Let q(u) = -33*u. Let r be q(-1). What is the highest common divisor of b and r?
33
Suppose 14*v + 50 - 8 = 0. Let i be v/(3/(-76)) - -8. Calculate the highest common divisor of i and 24.
12
Suppose -5*m = -3*u - 917 - 576, -317 = -m - 4*u. What is the highest common divisor of m and 14?
7
Let g = 12947 + -12931. What is the greatest common divisor of 216 and g?
8
Let r be 9*3/3*1. Let u = r - -1. Suppose 4*q + 29 + 119 = 4*f, -f - 3*q + 49 = 0. Calculate the greatest common divisor of u and f.
10
Suppose 0 = 3*t - 2*t - 23. Suppose -627 = -5*d - 8*o + 82, d = 3*o + 197. Calculate the greatest common divisor of t and d.
23
Let d(r) = -r**2 + 13*r - 9. Let c be d(6). Suppose 4*x - 66 = -2*p, -66 - c = -3*p - 5*x. What is the highest common factor of p and 3?
3
Suppose -r = -7*j + 10*j - 3486, 3*j - 3522 = 5*r. Calculate the greatest common factor of j and 84.
12
Suppose -127*u - 187522 = -160*u - 58063. What is the greatest common divisor of u and 1?
1
Let m(w) = 5*w**2 + 798*w - 2411. Let h be m(3). Suppose 0 = -2*v + 6*v - 1456. Calculate the highest common divisor of h and v.
28
Suppose 5*s + j - 27 = 0, 5*s + 0*s - j = 33. Let i(c) = c**3 + 22*c**2 + 19*c - 24. Let h be i(-21). What is the greatest common factor of s and h?
6
Let k(y) = y**3 - 34*y**2 + 34*y - 29. Let b be k(33). Let n be (1 + -183 - 4)/((-6)/b). Calculate the greatest common divisor of n and 155.
31
Suppose -3*z = t + 2 - 21, -3*t = -12. Suppose z*h - 85 = 5*r, -5*r + 33 = h - 10*r. Let v = -50 + 76. Calculate the greatest common divisor of v and h.
13
Suppose 8*v + 45*v - 88 = 9*v. Calculate the greatest common divisor of v and 569.
1
Let o be 150*(224/48)/((-2)/14). Let f be o/(-34) + 6/(-51). What is the highest common factor of f and 9?
9
Let t(x) = 8*x + 3. Let s be t(0). Let w be (-8 - -11)*(49/s + 1). Calculate the highest common divisor of 13 and w.
13
Let j = 75 + -51. Suppose -4*n + 4*f = -14*n + 408, -n = 3*f - 46. Calculate the highest common factor of n and j.
8
Suppose -4*k = -2*k - 4*x - 7172, 2*k + 3*x - 7165 = 0. Calculate the highest common factor of k and 1120.
224
Suppose -402*y = -445*y + 43. Let k(f) = -f**2 + 17*f + 12. Let t be k(17). Calculate the highest common divisor of t and y.
1
Suppose 13 + 17 = 2*o. Let b be (10/(-4))/((14 + -5)/(-72)). Calculate the greatest common factor of b and o.
5
Let s(h) = 15*h + 100. Let k = -165 + 165. Let g be s(k). What is the highest common factor of g and 75?
25
Let x(k) = -5*k - 3. Let g be x(-3). Let u = 225 - -85. Suppose 170 + u = 5*h. What is the greatest common divisor of g and h?
12
Suppose -31 = -5*z + 2*t, 3*z = 6*z + 5*t. Suppose -30 = -5*k + 3*r - 2*r, -2*k - 15 = z*r. Let o = 113 - 108. What is the greatest common factor of o and k?
5
Let q = -33 - -47. Let d be -56*(75/90)/(6/(-9)). What is the highest common factor of d and q?
14
Let o(c) = c**3 - 43*c**2 - 38*c - 183. Let r be o(44). What is the greatest common factor of 96 and r?
3
Suppose 0 = t - 17 - 1. Let s = -43 + 48. Suppose 4*r - 22 = -3*c + s*r, -r = 4. Calculate the greatest common divisor of c and t.
6
Let h(b) = b**2 - 132*b - 2220. Let v be h(-17). Let a be (-4)/14 - (-719)/(-7). Let t = v + a. What is the highest common factor of t and 15?
15
Le